{"id":72,"date":"2014-01-27T16:00:08","date_gmt":"2014-01-27T15:00:08","guid":{"rendered":"http:\/\/torre.emazing.nl\/?page_id=72"},"modified":"2014-02-24T14:39:55","modified_gmt":"2014-02-24T13:39:55","slug":"memoria-colectiva","status":"publish","type":"page","link":"https:\/\/www.susanatorre.net\/es\/arquitectura-y-diseno\/memoria-colectiva\/","title":{"rendered":"Memoria colectiva"},"content":{"rendered":"<p><i>\u201cFue a trav\u00e9s de actos realizados en un sitio sagrado que era posible suspender la ilusi\u00f3n del tiempo mundano\u201d. <\/i>Paul Connerton, <i>How Societies Remember<\/i><\/p>\n<p>\u2018Repensando Ellis Island\u2019 y el \u2018Memorial Feminista\u2019 son tempranos aportes a un fen\u00f3meno que lleg\u00f3 a ser mundial a fines del siglo XX, la apertura de la memoria cultural colectiva a sucesos y temas aparte de los pr\u00f3ceres y otros hombres prominentes que se hab\u00edan conmemorado en las plazas y los parques p\u00fablicos del pasado. En el curso de crear dise\u00f1os que inscribir\u00edan en la memoria colectiva las experiencias de las mujeres y los inmigrantes, descubr\u00ed que para entrar el \u201csitio sagrado\u201d donde se suspende \u201cel tiempo mundano\u201d, hacen falta rituales para reinscribir peri\u00f3dicamente la memoria del suceso que se quiere conmemorar (ver mi ensayo de 2002, \u201cConstructing Memorials.\u201d)<\/p>\n<div class=\"slides\">\n<div class=\"image\"><a title=\"Feminist Memorial\" href=\"\/es\/arquitectura-y-diseno\/memoria-colectiva\/memorial-feminista\/\"><img loading=\"lazy\" decoding=\"async\" class=\"size-medium wp-image-670 alignnone\" title=\"Memorial feminista (Para Marion Mahony)\" alt=\"Memorial feminista (Para Marion Mahony)\" src=\"\/wp-content\/uploads\/collective-memory-feminist-memorial-253x180.jpg\" width=\"253\" height=\"180\" \/><\/a><\/div>\n<div class=\"image right\"><a title=\"Rethinking Ellis Island\" href=\"\/es\/arquitectura-y-diseno\/memoria-colectiva\/repensando-ellis-island\/\"><img loading=\"lazy\" decoding=\"async\" class=\"size-medium wp-image-668 alignnone\" title=\"Repensando Ellis Island\" alt=\"Repensando Ellis Island\" src=\"\/wp-content\/uploads\/collective-memory-ellis-island-253x182.jpg\" width=\"253\" height=\"182\" \/><\/a><\/div>\n<div class=\"image\"><a title=\"9-11 Memorial\" href=\"\/es\/arquitectura-y-diseno\/memoria-colectiva\/memorial-del-11-09-2001\/\"><img loading=\"lazy\" decoding=\"async\" class=\"alignnone size-large wp-image-666\" title=\"Memorial del 11-09-2001\" alt=\"Memorial del 11-09-2001\" src=\"\/wp-content\/uploads\/collective-memory-911-525x288.jpg\" width=\"525\" height=\"288\" \/><\/a><\/div>\n<\/div>\n","protected":false},"excerpt":{"rendered":"<p>\u201cFue a trav\u00e9s de actos realizados en un sitio sagrado que era posible suspender la ilusi\u00f3n del tiempo mundano\u201d. Paul Connerton, How Societies Remember \u2018Repensando Ellis Island\u2019 y el \u2018Memorial Feminista\u2019 son tempranos aportes a un fen\u00f3meno que lleg\u00f3 a ser mundial a fines del siglo XX, la apertura de la memoria cultural colectiva a [&hellip;]<\/p>\n","protected":false},"author":1,"featured_media":1167,"parent":14,"menu_order":5,"comment_status":"closed","ping_status":"closed","template":"template-slideshow-overview.php","meta":{"footnotes":""},"class_list":["post-72","page","type-page","status-publish","has-post-thumbnail","hentry"],"_links":{"self":[{"href":"https:\/\/www.susanatorre.net\/es\/wp-json\/wp\/v2\/pages\/72","targetHints":{"allow":["GET"]}}],"collection":[{"href":"https:\/\/www.susanatorre.net\/es\/wp-json\/wp\/v2\/pages"}],"about":[{"href":"https:\/\/www.susanatorre.net\/es\/wp-json\/wp\/v2\/types\/page"}],"author":[{"embeddable":true,"href":"https:\/\/www.susanatorre.net\/es\/wp-json\/wp\/v2\/users\/1"}],"replies":[{"embeddable":true,"href":"https:\/\/www.susanatorre.net\/es\/wp-json\/wp\/v2\/comments?post=72"}],"version-history":[{"count":7,"href":"https:\/\/www.susanatorre.net\/es\/wp-json\/wp\/v2\/pages\/72\/revisions"}],"predecessor-version":[{"id":831,"href":"https:\/\/www.susanatorre.net\/es\/wp-json\/wp\/v2\/pages\/72\/revisions\/831"}],"up":[{"embeddable":true,"href":"https:\/\/www.susanatorre.net\/es\/wp-json\/wp\/v2\/pages\/14"}],"wp:featuredmedia":[{"embeddable":true,"href":"https:\/\/www.susanatorre.net\/es\/wp-json\/wp\/v2\/media\/1167"}],"wp:attachment":[{"href":"https:\/\/www.susanatorre.net\/es\/wp-json\/wp\/v2\/media?parent=72"}],"curies":[{"name":"wp","href":"https:\/\/api.w.org\/{rel}","templated":true}]}}

<p><i>“Fue a través de actos realizados en un sitio sagrado que era posible suspender la ilusión del tiempo mundano”. </i>Paul Connerton, <i>How Societies Remember</i></p>
<p>‘Repensando Ellis Island’ y el ‘Memorial Feminista’ son tempranos aportes a un fenómeno que llegó a ser mundial a fines del siglo XX, la apertura de la memoria cultural colectiva a sucesos y temas aparte de los próceres y otros hombres prominentes que se habían conmemorado en las plazas y los parques públicos del pasado. En el curso de crear diseños que inscribirían en la memoria colectiva las experiencias de las mujeres y los inmigrantes, descubrí que para entrar el “sitio sagrado” donde se suspende “el tiempo mundano”, hacen falta rituales para reinscribir periódicamente la memoria del suceso que se quiere conmemorar (ver mi ensayo de 2002, “Constructing Memorials.”)</p>
<div class="slides">
<div class="image"><a title="Feminist Memorial" href="/es/arquitectura-y-diseno/memoria-colectiva/memorial-feminista/"><img loading="lazy" decoding="async" class="size-medium wp-image-670 alignnone" title="Memorial feminista (Para Marion Mahony)" alt="Memorial feminista (Para Marion Mahony)" src="/wp-content/uploads/collective-memory-feminist-memorial-253x180.jpg" width="253" height="180" /></a></div>
<div class="image right"><a title="Rethinking Ellis Island" href="/es/arquitectura-y-diseno/memoria-colectiva/repensando-ellis-island/"><img loading="lazy" decoding="async" class="size-medium wp-image-668 alignnone" title="Repensando Ellis Island" alt="Repensando Ellis Island" src="/wp-content/uploads/collective-memory-ellis-island-253x182.jpg" width="253" height="182" /></a></div>
<div class="image"><a title="9-11 Memorial" href="/es/arquitectura-y-diseno/memoria-colectiva/memorial-del-11-09-2001/"><img loading="lazy" decoding="async" class="alignnone size-large wp-image-666" title="Memorial del 11-09-2001" alt="Memorial del 11-09-2001" src="/wp-content/uploads/collective-memory-911-525x288.jpg" width="525" height="288" /></a></div>
</div>

<p>“Fue a través de actos realizados en un sitio sagrado que era posible suspender la ilusión del tiempo mundano”. Paul Connerton, How Societies Remember ‘Repensando Ellis Island’ y el ‘Memorial Feminista’ son tempranos aportes a un fenómeno que llegó a ser mundial a fines del siglo XX, la apertura de la memoria cultural colectiva a [&hellip;]</p>
