{"id":294,"date":"2014-02-12T10:31:10","date_gmt":"2014-02-12T09:31:10","guid":{"rendered":"http:\/\/torre.emazing.nl\/?page_id=294"},"modified":"2016-12-21T12:51:51","modified_gmt":"2016-12-21T11:51:51","slug":"consulado-de-la-republica-de-la-costa-de-marfil","status":"publish","type":"page","link":"https:\/\/www.susanatorre.net\/es\/arquitectura-y-diseno\/matrices-de-sitios-y-dibujos-de-construccion\/consulado-de-la-republica-de-la-costa-de-marfil\/","title":{"rendered":"Consulado de la Rep\u00fablica de la Costa de Marfil"},"content":{"rendered":"<style type=\"text\/css\">.easingslider-7203 { max-width: 525px; }.easingslider-7203 .easingslider-image { max-height: 400px; max-width: 525px; }.easingslider-7203 .easingslider-fade-in, .easingslider-fade-out { -webkit-animation-duration: 500ms; -moz-animation-duration: 500ms; animation-duration: 500ms; }<\/style><script type=\"text\/javascript\">window.EasingSlider7203 = {\"width\":525,\"height\":400,\"singleItem\":true,\"items\":1,\"itemsDesktop\":false,\"itemsDesktopSmall\":false,\"itemsTablet\":false,\"itemsTabletSmall\":false,\"itemsMobile\":false,\"responsive\":true,\"lazyLoad\":true,\"autoPlay\":4000,\"slideSpeed\":500,\"navigation\":true,\"navigationText\":[\"\",\"\"],\"pagination\":true,\"autoHeight\":false,\"mouseDrag\":false,\"touchDrag\":false,\"addClassActive\":true,\"transitionStyle\":false};<\/script><div data-id=\"7203\" class=\"easingslider easingslider-7203 easingslider-container easingslider-resizing-enabled easingslider-aspect-ratio easingslider-arrows-outside easingslider-pagination-hover easingslider-pagination-inside easingslider-pagination-bottom-center\"><div class=\"easingslider-slide\"><img decoding=\"async\" src=\"https:\/\/www.susanatorre.net\/wp-content\/plugins\/emazing-easing-slider\/assets\/images\/placeholder-pixel.png\" data-src=\"http:\/\/www.susanatorre.net\/wp-content\/uploads\/slide-ivory-coast-0.jpg\" alt=\"\" title=\"slide-ivory-coast-0\" class=\"easingslider-image easingslider-lazy\" \/><\/div><div class=\"easingslider-slide\"><img decoding=\"async\" src=\"https:\/\/www.susanatorre.net\/wp-content\/plugins\/emazing-easing-slider\/assets\/images\/placeholder-pixel.png\" data-src=\"http:\/\/www.susanatorre.net\/wp-content\/uploads\/slide-ivory-coast-1.jpg\" alt=\"\" title=\"slide-ivory-coast-1\" class=\"easingslider-image easingslider-lazy\" \/><\/div><div class=\"easingslider-slide\"><img decoding=\"async\" src=\"https:\/\/www.susanatorre.net\/wp-content\/plugins\/emazing-easing-slider\/assets\/images\/placeholder-pixel.png\" data-src=\"http:\/\/www.susanatorre.net\/wp-content\/uploads\/slide-ivory-coast-2a.jpg\" alt=\"\" title=\"slide-ivory-coast-2a\" class=\"easingslider-image easingslider-lazy\" \/><\/div><div class=\"easingslider-slide\"><img decoding=\"async\" src=\"https:\/\/www.susanatorre.net\/wp-content\/plugins\/emazing-easing-slider\/assets\/images\/placeholder-pixel.png\" data-src=\"http:\/\/www.susanatorre.net\/wp-content\/uploads\/slide-ivory-coast-2b.jpg\" alt=\"\" title=\"slide-ivory-coast-2b\" class=\"easingslider-image easingslider-lazy\" \/><\/div><div class=\"easingslider-slide\"><img decoding=\"async\" src=\"https:\/\/www.susanatorre.net\/wp-content\/plugins\/emazing-easing-slider\/assets\/images\/placeholder-pixel.png\" data-src=\"http:\/\/www.susanatorre.net\/wp-content\/uploads\/slide-ivory-coast-combi-3-4.jpg\" alt=\"\" title=\"slide-ivory-coast-combi-3-4\" class=\"easingslider-image easingslider-lazy\" \/><\/div><\/div>\n<h2>Consulado de la Rep\u00fablica de la Costa de Marfil\u00a0| 1976-1977<\/h2>\n<h3>Ciudad de Nueva York<\/h3>\n<p>\u201cEste dibujo registra simult\u00e1neamente los determinantes f\u00edsicos y culturales de la forma tanto como el concepto arquitect\u00f3nico final; busca en primer lugar comunicar el procedimiento intelectual del dise\u00f1o y solamente en segundo lugar los hechos f\u00edsicos. El primer dibujo es un diagrama de la estructura del edificio de oficinas donde se ubicar\u00e1 el proyecto, un consulado para la Rep\u00fablica de la Costa de Marfil. El primer diagrama, la cuadr\u00edcula blanca sobre el plano del suelo color gris constituye el contexto espacial para los nuevos elementos arquitect\u00f3nicos. El segundo diagrama se\u00f1ala las estrategias iniciales del dise\u00f1o: muros huecos para almacenamiento sobre la cuadr\u00edcula, encerrando espacios de trabajo, y un paseo (azul) en el centro del espacio que se cruza con la sala de conferencias (roja). La muchas referencias culturales incluidas en las formas arquitect\u00f3nicas [como el tejido kente que inspir\u00f3 la pared de mosaicos de la sala de conferencias, o el par de figuras de ancestros que enmarcan las entradas de las estructuras tradicionales] se representan en el texto y las fotograf\u00edas del tercer dibujo. (\u2026) El cuarto dibujo, una proyecci\u00f3n axonom\u00e9trica, muestra el dise\u00f1o completo. Observado en detalle, el dise\u00f1o compone un sistema que podr\u00eda entenderse como un paisaje simb\u00f3lico de la Costa de Marfil. (\u2026) Los colores son los que se encuentran en las representaciones de paisajes tanto figurativas como abstractas en el arte de ese pa\u00eds\u201d. De <i>The Architect\u2019s Eye<\/i> de Robert A.M. Stern y Deborah Nevins, 1979.<\/p>\n","protected":false},"excerpt":{"rendered":"<p>Consulado de la Rep\u00fablica de la Costa de Marfil\u00a0| 1976-1977 Ciudad de Nueva York \u201cEste dibujo registra simult\u00e1neamente los determinantes f\u00edsicos y culturales de la forma tanto como el concepto arquitect\u00f3nico final; busca en primer lugar comunicar el procedimiento intelectual del dise\u00f1o y solamente en segundo lugar los hechos f\u00edsicos. El primer dibujo es un [&hellip;]<\/p>\n","protected":false},"author":1,"featured_media":0,"parent":66,"menu_order":2,"comment_status":"closed","ping_status":"closed","template":"template-slideshow.php","meta":{"footnotes":""},"class_list":["post-294","page","type-page","status-publish","hentry"],"_links":{"self":[{"href":"https:\/\/www.susanatorre.net\/es\/wp-json\/wp\/v2\/pages\/294","targetHints":{"allow":["GET"]}}],"collection":[{"href":"https:\/\/www.susanatorre.net\/es\/wp-json\/wp\/v2\/pages"}],"about":[{"href":"https:\/\/www.susanatorre.net\/es\/wp-json\/wp\/v2\/types\/page"}],"author":[{"embeddable":true,"href":"https:\/\/www.susanatorre.net\/es\/wp-json\/wp\/v2\/users\/1"}],"replies":[{"embeddable":true,"href":"https:\/\/www.susanatorre.net\/es\/wp-json\/wp\/v2\/comments?post=294"}],"version-history":[{"count":4,"href":"https:\/\/www.susanatorre.net\/es\/wp-json\/wp\/v2\/pages\/294\/revisions"}],"predecessor-version":[{"id":7270,"href":"https:\/\/www.susanatorre.net\/es\/wp-json\/wp\/v2\/pages\/294\/revisions\/7270"}],"up":[{"embeddable":true,"href":"https:\/\/www.susanatorre.net\/es\/wp-json\/wp\/v2\/pages\/66"}],"wp:attachment":[{"href":"https:\/\/www.susanatorre.net\/es\/wp-json\/wp\/v2\/media?parent=294"}],"curies":[{"name":"wp","href":"https:\/\/api.w.org\/{rel}","templated":true}]}}

Consulado de la República de la Costa de Marfil

<style type="text/css">.easingslider-7203 { max-width: 525px; }.easingslider-7203 .easingslider-image { max-height: 400px; max-width: 525px; }.easingslider-7203 .easingslider-fade-in, .easingslider-fade-out { -webkit-animation-duration: 500ms; -moz-animation-duration: 500ms; animation-duration: 500ms; }</style><script type="text/javascript">window.EasingSlider7203 = {"width":525,"height":400,"singleItem":true,"items":1,"itemsDesktop":false,"itemsDesktopSmall":false,"itemsTablet":false,"itemsTabletSmall":false,"itemsMobile":false,"responsive":true,"lazyLoad":true,"autoPlay":4000,"slideSpeed":500,"navigation":true,"navigationText":["",""],"pagination":true,"autoHeight":false,"mouseDrag":false,"touchDrag":false,"addClassActive":true,"transitionStyle":false};</script><div data-id="7203" class="easingslider easingslider-7203 easingslider-container easingslider-resizing-enabled easingslider-aspect-ratio easingslider-arrows-outside easingslider-pagination-hover easingslider-pagination-inside easingslider-pagination-bottom-center"><div class="easingslider-slide"><img decoding="async" src="https://www.susanatorre.net/wp-content/plugins/emazing-easing-slider/assets/images/placeholder-pixel.png" data-src="http://www.susanatorre.net/wp-content/uploads/slide-ivory-coast-0.jpg" alt="" title="slide-ivory-coast-0" class="easingslider-image easingslider-lazy" /></div><div class="easingslider-slide"><img decoding="async" src="https://www.susanatorre.net/wp-content/plugins/emazing-easing-slider/assets/images/placeholder-pixel.png" data-src="http://www.susanatorre.net/wp-content/uploads/slide-ivory-coast-1.jpg" alt="" title="slide-ivory-coast-1" class="easingslider-image easingslider-lazy" /></div><div class="easingslider-slide"><img decoding="async" src="https://www.susanatorre.net/wp-content/plugins/emazing-easing-slider/assets/images/placeholder-pixel.png" data-src="http://www.susanatorre.net/wp-content/uploads/slide-ivory-coast-2a.jpg" alt="" title="slide-ivory-coast-2a" class="easingslider-image easingslider-lazy" /></div><div class="easingslider-slide"><img decoding="async" src="https://www.susanatorre.net/wp-content/plugins/emazing-easing-slider/assets/images/placeholder-pixel.png" data-src="http://www.susanatorre.net/wp-content/uploads/slide-ivory-coast-2b.jpg" alt="" title="slide-ivory-coast-2b" class="easingslider-image easingslider-lazy" /></div><div class="easingslider-slide"><img decoding="async" src="https://www.susanatorre.net/wp-content/plugins/emazing-easing-slider/assets/images/placeholder-pixel.png" data-src="http://www.susanatorre.net/wp-content/uploads/slide-ivory-coast-combi-3-4.jpg" alt="" title="slide-ivory-coast-combi-3-4" class="easingslider-image easingslider-lazy" /></div></div>
<h2>Consulado de la República de la Costa de Marfil | 1976-1977</h2>
<h3>Ciudad de Nueva York</h3>
<p>“Este dibujo registra simultáneamente los determinantes físicos y culturales de la forma tanto como el concepto arquitectónico final; busca en primer lugar comunicar el procedimiento intelectual del diseño y solamente en segundo lugar los hechos físicos. El primer dibujo es un diagrama de la estructura del edificio de oficinas donde se ubicará el proyecto, un consulado para la República de la Costa de Marfil. El primer diagrama, la cuadrícula blanca sobre el plano del suelo color gris constituye el contexto espacial para los nuevos elementos arquitectónicos. El segundo diagrama señala las estrategias iniciales del diseño: muros huecos para almacenamiento sobre la cuadrícula, encerrando espacios de trabajo, y un paseo (azul) en el centro del espacio que se cruza con la sala de conferencias (roja). La muchas referencias culturales incluidas en las formas arquitectónicas [como el tejido kente que inspiró la pared de mosaicos de la sala de conferencias, o el par de figuras de ancestros que enmarcan las entradas de las estructuras tradicionales] se representan en el texto y las fotografías del tercer dibujo. (…) El cuarto dibujo, una proyección axonométrica, muestra el diseño completo. Observado en detalle, el diseño compone un sistema que podría entenderse como un paisaje simbólico de la Costa de Marfil. (…) Los colores son los que se encuentran en las representaciones de paisajes tanto figurativas como abstractas en el arte de ese país”. De <i>The Architect’s Eye</i> de Robert A.M. Stern y Deborah Nevins, 1979.</p>

<p>Consulado de la República de la Costa de Marfil | 1976-1977 Ciudad de Nueva York “Este dibujo registra simultáneamente los determinantes físicos y culturales de la forma tanto como el concepto arquitectónico final; busca en primer lugar comunicar el procedimiento intelectual del diseño y solamente en segundo lugar los hechos físicos. El primer dibujo es un [&hellip;]</p>
